{"id":22,"date":"2019-08-29T11:02:08","date_gmt":"2019-08-29T11:02:08","guid":{"rendered":"https:\/\/www.dieweissecouchimq6.de\/?page_id=22"},"modified":"2020-01-13T15:17:24","modified_gmt":"2020-01-13T15:17:24","slug":"mesmerize","status":"publish","type":"page","link":"https:\/\/www.dieweissecouchimq6.de\/","title":{"rendered":"Front Page"},"content":{"rendered":"<div  id=\"overlappable-4\" style=\"background-color: #ffffff;\" data-label=\"Overlappable\" data-id=\"overlappable-4\" data-export-id=\"overlappable-4\" data-category=\"overlappable\" class=\"overlappable-4 content-section content-section-spacing\" data-overlap=\"true\"><div  class=\"gridContainer\"> <div  data-type=\"row\" class=\"row spaced-cols text-center\"><div  class=\"col-xs-12 col-sm-4 col-padding\"> <a  data-cp-link=\"1\" href=\"#\" target=\"_self\" rel=\"noopener noreferrer\"><i  class=\"fa icon shadow-large-black aligncenter color1 fa-heartbeat large\"><\/i><\/a> <div  data-type=\"column\" class=\"\"> <h5  class=\"\">Anti-Aging<\/h5> <p  class=\"\">Bereits im Alter von 30 Jahren ist es sinnvoll durch personalisierte Medizin \/ Vorsorgemedizin (Pr\u00e4ventionsmedizin) sein individuelles Risiko festzustellen.<\/p><\/div> <\/div> <div  class=\"col-xs-12 col-sm-4 col-padding\"> <i  class=\"fa icon shadow-large-black aligncenter color1 fa-heartbeat large\"><\/i> <div  data-type=\"column\" class=\"\"><h5  class=\"\">Pr\u00e4ventionsmedizin<\/h5> <p  class=\"\">Die hohen Anforderungen im heutigen Berufsleben f\u00fchren oft zu chronischem Stress mit den Symptomen Burn-out und Depression. Durch vorbeugende Ma\u00dfnahmen k\u00f6nnen Sie diesem entgegensteuern.<\/p><\/div> <\/div> <div  class=\"col-xs-12 col-sm-4 col-padding\"> <i  class=\"fa icon shadow-large-black aligncenter color1 fa-heartbeat large\"><\/i> <div  data-type=\"column\" class=\"\"><h5  class=\"\">\u00c4sthetische Medizin<\/h5> <p  class=\"\">Die modernen Methoden der minimal-invasiven \u00c4sthetik erm\u00f6glichen es, ein strahlendes Aussehen zu erhalten, in dem die positiven Akzente eines Gesichtes hervorgehoben werden, um harmonische Proportionen zu erhalten durch Volumenaufbau, Faltengl\u00e4ttung und Hautverj\u00fcngung.<\/p><\/div> <\/div><\/div> <\/div><\/div><div  id=\"contact-1\" data-label=\"Contact\" data-id=\"contact-1\" data-export-id=\"contact-1\" data-category=\"contact\" class=\"contact-1 content-section content-section-spacing white-text\" data-parallax-depth=\"20\"><div  class=\"gridContainer\"> <div  class=\"row text-center\"><div  class=\"section-title-col\" data-type=\"column\"> <h2  class=\"\">Kontaktieren Sie uns<\/h2> <p  class=\"lead\">Schreiben Sie uns, wenn Sie Fragen rund um Anti Aging, Pr\u00e4ventionsmedizin oder der \u00c4sthetischen Medizin haben.&nbsp;&nbsp;Wir freuen uns!&nbsp;<\/p><\/div> <\/div> <div  class=\"row text-center\"> <div  class=\"col-xs-12 col-sm-8 col-sm-offset-2 contact-form-wrapper inline-info\"> <div  class=\"card large-padding\"> <div  class=\"\" data-content-shortcode=\"mesmerize_contact_form\" data-editable=\"true\"><p style=\"text-align:center;color:#ababab\">Contact form will be displayed here. To activate it you have to set the \"contact form shortcode\" parameter in Customizer.<\/p><\/div><\/div> <\/div><\/div> <\/div><\/div>","protected":false},"excerpt":{"rendered":"<p>Anti-Aging Bereits im Alter von 30 Jahren ist es sinnvoll durch personalisierte Medizin \/ Vorsorgemedizin (Pr\u00e4ventionsmedizin) sein individuelles Risiko festzustellen. Pr\u00e4ventionsmedizin Die hohen Anforderungen im heutigen Berufsleben f\u00fchren oft zu chronischem Stress mit den Symptomen Burn-out und Depression. Durch vorbeugende Ma\u00dfnahmen k\u00f6nnen Sie diesem entgegensteuern. \u00c4sthetische Medizin Die modernen Methoden der minimal-invasiven \u00c4sthetik erm\u00f6glichen es,&hellip; <br \/> <a class=\"read-more\" href=\"https:\/\/www.dieweissecouchimq6.de\/\">Weiterlesen<\/a><\/p>\n","protected":false},"author":1,"featured_media":0,"parent":0,"menu_order":0,"comment_status":"closed","ping_status":"closed","template":"page-templates\/homepage.php","meta":{"footnotes":""},"class_list":["post-22","page","type-page","status-publish","hentry"],"_links":{"self":[{"href":"https:\/\/www.dieweissecouchimq6.de\/index.php?rest_route=\/wp\/v2\/pages\/22","targetHints":{"allow":["GET"]}}],"collection":[{"href":"https:\/\/www.dieweissecouchimq6.de\/index.php?rest_route=\/wp\/v2\/pages"}],"about":[{"href":"https:\/\/www.dieweissecouchimq6.de\/index.php?rest_route=\/wp\/v2\/types\/page"}],"author":[{"embeddable":true,"href":"https:\/\/www.dieweissecouchimq6.de\/index.php?rest_route=\/wp\/v2\/users\/1"}],"replies":[{"embeddable":true,"href":"https:\/\/www.dieweissecouchimq6.de\/index.php?rest_route=%2Fwp%2Fv2%2Fcomments&post=22"}],"version-history":[{"count":10,"href":"https:\/\/www.dieweissecouchimq6.de\/index.php?rest_route=\/wp\/v2\/pages\/22\/revisions"}],"predecessor-version":[{"id":87,"href":"https:\/\/www.dieweissecouchimq6.de\/index.php?rest_route=\/wp\/v2\/pages\/22\/revisions\/87"}],"wp:attachment":[{"href":"https:\/\/www.dieweissecouchimq6.de\/index.php?rest_route=%2Fwp%2Fv2%2Fmedia&parent=22"}],"curies":[{"name":"wp","href":"https:\/\/api.w.org\/{rel}","templated":true}]}}